9 = 43*u, 2*a = 4*u + 1110. Let y be (-578)/(-14) - (-4)/(-14). Calculate the highest common divisor of a and y.
41
Let a be ((-2)/6)/((-1)/3). Suppose -a = 5*g - 16. Calculate the highest common divisor of g and 30.
3
Let n(w) = -w**3 - 59*w**2 + 176*w + 349. Let d be n(-62). Calculate the greatest common factor of 33 and d.
3
Suppose 5*q - 18640 = -6*q + 3*q. What is the highest common divisor of 30 and q?
10
Let p(h) = -h**2 + 4*h + 64. Let m be p(10). Let f be 25 - -5*(5 - m). What is the highest common divisor of 12 and f?
6
Suppose 18695 - 18326 = 9*m. Calculate the greatest common divisor of 656 and m.
41
Let h(a) = -2*a**2 - 36*a + 7. Let m be h(-18). Let y be (-17 + 3)/m*-2. Calculate the highest common divisor of y and 136.
4
Suppose 0 = 8*g - 7*g - 448. Suppose 140 = 36*o - 26*o. What is the highest common divisor of o and g?
14
Let v be 80 + 3/9*3. Suppose -4*b - b - 7 = -p, -2*p = 3*b + 12. Let o be -1 + 13 - b*(-18)/12. Calculate the highest common factor of o and v.
9
Let w(r) = -6*r - 156. Let s be w(-29). Let j be 6064/72 + (-4)/s. What is the greatest common factor of 49 and j?
7
Suppose 225*z = 233*z - 416. Let m(j) = j**3 + 8*j**2 + 2. Let v be m(-8). Suppose v*t + 3*t = 65. Calculate the greatest common divisor of z and t.
13
Let f(i) = 29*i + 416. Let l be f(-10). What is the greatest common factor of 42 and l?
42
Let k be -1 + -25 + (-1)/((-11)/(-22)). Let f be k/21*3 + 12. Let l = 6 + -4. Calculate the highest common divisor of f and l.
2
Suppose -5*j - 36*j + 6396 = 0. Calculate the highest common factor of j and 1068.
12
Let a be 4/36*92 + 18/(-81). Suppose -a*l + 6587 + 543 = 0. Calculate the highest common factor of 23 and l.
23
Suppose -v + 4*j + 0 + 17 = 0, -4 = -2*v - 2*j. Let l be (-1)/(-6) + v + 355/30. What is the highest common factor of 7 and l?
1
Suppose 4*g - 3395 - 714 = 3527. Calculate the highest common factor of 83 and g.
83
Suppose 0 = 3*p - 1 - 14, 0 = 3*v - p - 31. Let x = 217 + 167. What is the highest common divisor of v and x?
12
Suppose -3*v + 4*t + 34 = 0, 6*t + 38 = 5*v + 4*t. Let l be 0/(5*v/30). Suppose -5*k + 18 + 7 = l. Calculate the greatest common divisor of 35 and k.
5
Suppose -15637 = -49*b + 5335. What is the highest common divisor of 1605 and b?
107
Suppose 9*f - 15 = 21. Suppose 3*a - 166 = -f*q, -q = -a + 4*q + 87. Let z = a + -51. What is the greatest common factor of z and 1?
1
Suppose -11*a = -16*a + 26 + 219. What is the highest common factor of 4067 and a?
49
Suppose -870*w = -863*w - 84. Let u be (1 + -1)*(-1 + 0). Suppose 20 = -u*t + 5*t. What is the greatest common factor of t and w?
4
Let f(u) = 4*u - 20. Let a be f(10). What is the greatest common factor of 5290 and a?
10
Let y(j) = 3*j**2 + 28*j - 64. Let s be y(-26). Suppose 3251 = 6*g + 3179. Calculate the greatest common divisor of s and g.
12
Suppose 456 = 11*q + 2579. Let a = q - -207. Calculate the highest common divisor of 8 and a.
2
Let h(u) = 24*u**2 - 114*u + 630. Let m be h(5). Calculate the greatest common factor of 1188 and m.
132
Suppose -35*m - 20 = -40*m. Let o(u) = -u**3 + 3*u**2 + 7*u + 9. Let j be o(m). What is the greatest common factor of j and 105?
21
Let c be (12 - 10)*(50/(-4) + -2). Let g = -62 - c. Let m = g + 44. What is the highest common divisor of 22 and m?
11
Suppose -13 - 74 = n. Let t be (2/(-5))/(n/(-45) + -2). Suppose t*b - 18 = 4*b. What is the highest common factor of b and 3?
3
Suppose 34*r = -76 + 348. What is the greatest common factor of r and 9784?
8
Let w = -3479 + 3485. What is the greatest common divisor of w and 166?
2
Suppose 5*m = 247 + 678. Let w be (6/8)/(108/10656). What is the highest common factor of w and m?
37
Suppose -4*q - 6 = -146. Suppose -8*f = -4*j - 3*f + 365, 2*f - 22 = 0. Calculate the highest common divisor of q and j.
35
Let n = -5760 - -8490. Calculate the highest common divisor of 30 and n.
30
Suppose 5*j - 6*j + 15 = 3*b, 25 = -3*j + 5*b. Suppose 4*c + 5*k = 9*c - 270, j = c + k - 56. Calculate the greatest common factor of 440 and c.
55
Let p be 45103/69 - (-56)/(-21). Calculate the highest common divisor of 465 and p.
93
Let g(u) be the first derivative of 81*u**2/2 - 122*u + 13. Let c be g(6). Calculate the greatest common factor of c and 52.
52
Let v(p) = -p**2 - 61*p - 530. Let o be v(-50). What is the greatest common divisor of o and 8270?
10
Let w = 34 - 34. Suppose c + 6 - 5 = w. Let v be (394/3 - c) + 74/111. What is the greatest common divisor of 19 and v?
19
Suppose 48*v - 45695 = -112*v - 87*v. Calculate the highest common divisor of 55 and v.
5
Suppose -4*k + 2*s + 479 + 479 = 0, k = -5*s + 245. What is the highest common factor of k and 1920?
240
Let o(n) = n**2 + 87*n - 1371. Let x be o(15). Calculate the greatest common factor of 636 and x.
159
Suppose -2*b + 59 = 3*g, -182 = -5*b - 162*g + 166*g. Calculate the highest common divisor of b and 2074.
34
Suppose 11 = -2*s + 1. Let h = s - -8. Suppose 1379 = -33*g + 1445. What is the highest common factor of g and h?
1
Let o(a) = a**3 + 33*a**2 - 4*a - 116. Let q be o(-33). Calculate the highest common divisor of q and 12336.
16
Let t(z) = -z**2 + 9. Let x be t(0). Let h = x + -4. Suppose 263 = h*w - 277. Calculate the greatest common factor of 72 and w.
36
Suppose -k + 72 = 2*k. Let w = 64254 + -64245. Calculate the highest common divisor of k and w.
3
Let k be (2*10/8)/(-1)*(-296 - 244). What is the greatest common factor of 702 and k?
54
Suppose -2*f - 5*y = 508 + 258, 5*y = -10. Let o be f/(-72) + 2/(8*-1). Let l be ((-40)/(-2))/(2/4). Calculate the greatest common factor of l and o.
5
Suppose -3*o + 3*w = -15 + 3, 4*o + 3*w = 23. Let g(u) = -u**2 + 6*u + 6. Let y be g(o). Calculate the highest common divisor of y and 187.
11
Let u be (-8*(-1)/5)/((-352)/(-21120)). Calculate the highest common divisor of 162 and u.
6
Let q be (-12001)/(-16) - (-23 + 5904/256). What is the greatest common factor of 420 and q?
30
Let a be -3 + 2604/32 + (-11)/(1496/51). What is the greatest common divisor of a and 390?
78
Let q(s) = s**2 + 10. Let p be q(-7). Let y = 84 - p. Calculate the highest common factor of 625 and y.
25
Let v be -8 + 10 + 4 + 0 + -4. Let g be (v - (-6 - -7))/(1/70). Calculate the greatest common divisor of 170 and g.
10
Let y be (10242/63)/(-1 - 27/(-21)). Let f = 659 - y. What is the highest common factor of f and 2?
2
Suppose -3*q + 0*q = -5*z + 72, 2*z - 4 = -5*q. Let f be ((-4)/10)/((1 + 9)/(-50)) + 154. What is the highest common divisor of f and z?
12
Let w = 2509 - 2381. What is the greatest common factor of 16 and w?
16
Let z(k) = k**2 - 6*k - 24. Let r be z(9). Suppose 1 = r*l - 2*l. Let f be (-1998)/(-36) - ((-1)/2)/l. What is the greatest common factor of f and 140?
28
Let j = 150 + -44. Suppose 4*r - j = r + d, 4*d = 3*r - 100. What is the greatest common divisor of r and 24?
12
Let g be (-19365)/(-25) - (-8)/20. Suppose -16*d + g = -11*d. Suppose -2*h + d = 5*n + h, 5*n + 5*h = 145. Calculate the highest common divisor of n and 238.
34
Let i = 2427 + -2423. Calculate the greatest common divisor of 1852 and i.
4
Suppose 2*n = 7*n - 75. Suppose 5*t + 4*z - 4 = -3, -4*t + z - 16 = 0. Let w be t - (2 + -14)/((-4)/(-2)). Calculate the greatest common factor of w and n.
3
Let d(s) = -8*s - 66. Let m be d(-11). Let b be (-25)/10 + (-477)/(-6). Calculate the highest common factor of b and m.
11
Let g(h) = h**2 + 17*h + 62. Let a be g(-12). Let r be a/(-3)*2*477/(-106). Let w(f) = f + 1. Let s be w(0). Calculate the highest common divisor of s and r.
1
Let h = 528 + -518. Let v be ((-1)/(-3))/(7/945). What is the highest common divisor of h and v?
5
Suppose 4*k - 72 = -4*s, -5*k + s - 39 = -99. What is the greatest common divisor of k and 221?
13
Suppose -5*j + 998 = z, -5*z - 8 = -z. Let f(w) = 9*w**2 - 80*w + 141. Let y be f(9). Calculate the greatest common factor of j and y.
50
Let z(b) = b**2 - 4*b + 3. Let p be z(5). Suppose -1719 - 105 = -12*m. What is the greatest common divisor of p and m?
8
Suppose -1094*w = -376*w - 432954. What is the greatest common factor of w and 201?
201
Let t be (16/12)/(9*(-16)/(-7992)). What is the highest common factor of t and 14282?
74
Let g(m) = -m**2 + 10*m - 6. Let a be g(9). Let d = a + 10. Suppose v - d + 0 = 0. What is the greate